{"id":2,"date":"2018-02-04T20:23:38","date_gmt":"2018-02-04T19:23:38","guid":{"rendered":"http:\/\/detoffentligarummet.se\/?page_id=2"},"modified":"2020-09-20T13:49:43","modified_gmt":"2020-09-20T11:49:43","slug":"exempelsida","status":"publish","type":"page","link":"https:\/\/detoffentligarummet.se\/?page_id=2","title":{"rendered":"Vad \u00e4r gatufotografi?"},"content":{"rendered":"<p>Gatufotografi \u00e4r en form av dokument\u00e4rfotografi d\u00e4r fotografen och objektet befinner sig i verkliga situationer i offentliga rum s\u00e5som gator, parker, str\u00e4nder, gallerior eller politiska m\u00f6ten.<\/p>\n<p>Gatufotografi kr\u00e4ver dock inte n\u00e4rvaro av en gata, m\u00e4nniskor eller stadsmilj\u00f6n. Traditionen med gatufotografi skiljer sig fr\u00e5n till exempel press- och reportagefoto d\u00e4r man v\u00e4ljer motiv efter \u00e4mne. I gatufoto \u00e4r det m\u00e4nniskorna i sig som \u00e4r intressanta. Men det \u00e4r egentligen missvisande att kalla det f\u00f6r gatubilder, det kan likav\u00e4l vara en n\u00f6jespark eller ett k\u00f6pcentrum med mera.<\/p>\n<p>Gatufotografi anv\u00e4nder sig av den rena fotografins tekniker p\u00e5 s\u00e5 s\u00e4tt att den visar upp en objektiv, ren bild av n\u00e5got, allts\u00e5 inte manipulerad. M\u00e5nga av gatufotografins klassiska verk skapades under perioden mellan ungef\u00e4r 1890 och 1975 och sammanf\u00f6ll med inf\u00f6randet av b\u00e4rbara kameror, s\u00e4rskilt m\u00e4ts\u00f6karkameror som anv\u00e4nder sm\u00e5bildsformatet. Utvecklingen av allt mer avancerade och l\u00e4tthanterliga digitalkameror, inte minst mobiltelefonkameror, har gjort gatufotografi popul\u00e4rt. I m\u00e5nga st\u00e4der arrangeras gatufoto &#8221;i grupp&#8221;, s\u00e5 kallade fotopromenader som ibland samlar upp mot ett hundratal deltagare eller fler.<\/p>\n<p>En fr\u00e5ga som v\u00e4ckts av gatufotografin \u00e4r huruvida fotografers r\u00e4ttigheter b\u00f6r st\u00e5 \u00f6ver de avbildade personernas r\u00e4tt till personlig integritet. En annan \u00e4r gr\u00e4nsdragningen mellan autenticitet och arrangerade bilder.<\/p>\n<p>Man kan s\u00f6ka efter \u00f6gonblicket, det d\u00e4r som bara h\u00e4nder just h\u00e4r och just nu.<\/p>\n<p>Man kan s\u00f6ka efter upprepningar, som tv\u00e5 personer med samma h\u00e5llning eller med samma m\u00f6ssor.<\/p>\n<p>\u00c4ven humor, f\u00e4rg, ljus, form och detaljer kan vara s\u00e5dant man vill anv\u00e4nda sig av.<\/p>\n\n\r\n<div id=\"sb_instagram\" class=\"sbi sbi_col_5  sbi_width_resp\" style=\"padding-bottom: 10px;width: 100%;\" data-feedid=\"sbi_17841402886905539#5\" data-res=\"auto\" data-cols=\"5\" data-num=\"5\" data-shortcode-atts=\"{}\" >\r\n\t<div class=\"sb_instagram_header  sbi_no_avatar\" style=\"padding: 5px; margin-bottom: 10px;padding-bottom: 0;\">\r\n    <a href=\"https:\/\/www.instagram.com\/anderskaellen\/\" target=\"_blank\" rel=\"noopener nofollow\" title=\"@anderskaellen\" class=\"sbi_header_link\">\r\n        <div class=\"sbi_header_text sbi_no_bio\">\r\n            <h3 >anderskaellen<\/h3>\r\n\t                <\/div>\r\n                <div class=\"sbi_header_img\">\r\n            <div class=\"sbi_header_hashtag_icon\"><svg class=\"sbi_new_logo fa-instagram fa-w-14\" aria-hidden=\"true\" data-fa-processed=\"\" aria-label=\"Instagram\" data-prefix=\"fab\" data-icon=\"instagram\" role=\"img\" viewBox=\"0 0 448 512\">\r\n\t                <path fill=\"currentColor\" d=\"M224.1 141c-63.6 0-114.9 51.3-114.9 114.9s51.3 114.9 114.9 114.9S339 319.5 339 255.9 287.7 141 224.1 141zm0 189.6c-41.1 0-74.7-33.5-74.7-74.7s33.5-74.7 74.7-74.7 74.7 33.5 74.7 74.7-33.6 74.7-74.7 74.7zm146.4-194.3c0 14.9-12 26.8-26.8 26.8-14.9 0-26.8-12-26.8-26.8s12-26.8 26.8-26.8 26.8 12 26.8 26.8zm76.1 27.2c-1.7-35.9-9.9-67.7-36.2-93.9-26.2-26.2-58-34.4-93.9-36.2-37-2.1-147.9-2.1-184.9 0-35.8 1.7-67.6 9.9-93.9 36.1s-34.4 58-36.2 93.9c-2.1 37-2.1 147.9 0 184.9 1.7 35.9 9.9 67.7 36.2 93.9s58 34.4 93.9 36.2c37 2.1 147.9 2.1 184.9 0 35.9-1.7 67.7-9.9 93.9-36.2 26.2-26.2 34.4-58 36.2-93.9 2.1-37 2.1-147.8 0-184.8zM398.8 388c-7.8 19.6-22.9 34.7-42.6 42.6-29.5 11.7-99.5 9-132.1 9s-102.7 2.6-132.1-9c-19.6-7.8-34.7-22.9-42.6-42.6-11.7-29.5-9-99.5-9-132.1s-2.6-102.7 9-132.1c7.8-19.6 22.9-34.7 42.6-42.6 29.5-11.7 99.5-9 132.1-9s102.7-2.6 132.1 9c19.6 7.8 34.7 22.9 42.6 42.6 11.7 29.5 9 99.5 9 132.1s2.7 102.7-9 132.1z\"><\/path>\r\n\t            <\/svg><\/div>\r\n        <\/div>\r\n        \r\n    <\/a>\r\n<\/div>\r\n    <div id=\"sbi_images\" style=\"padding: 5px;\">\r\n\t\t<div class=\"sbi_item sbi_type_image sbi_new sbi_transition\" id=\"sbi_17979560150134342\" data-date=\"1682844175\">\r\n    <div class=\"sbi_photo_wrap\">\r\n        <a class=\"sbi_photo\" href=\"https:\/\/www.instagram.com\/p\/Crp2xqtIWSC\/\" target=\"_blank\" rel=\"noopener nofollow\" data-full-res=\"https:\/\/scontent-hel3-1.cdninstagram.com\/v\/t51.29350-15\/344032334_1388238501941931_7366891533630632389_n.webp?stp=dst-jpg&#038;_nc_cat=111&#038;ccb=1-7&#038;_nc_sid=8ae9d6&#038;_nc_ohc=jj8m9heraj0AX-U9q_g&#038;_nc_ht=scontent-hel3-1.cdninstagram.com&#038;edm=ANo9K5cEAAAA&#038;oh=00_AfBwtXtO89G9_pcH5wr7AIZ411MkuTdt7FkhD56PbwQsTg&#038;oe=646E848E\" data-img-src-set=\"{&quot;d&quot;:&quot;https:\\\/\\\/scontent-hel3-1.cdninstagram.com\\\/v\\\/t51.29350-15\\\/344032334_1388238501941931_7366891533630632389_n.webp?stp=dst-jpg&amp;_nc_cat=111&amp;ccb=1-7&amp;_nc_sid=8ae9d6&amp;_nc_ohc=jj8m9heraj0AX-U9q_g&amp;_nc_ht=scontent-hel3-1.cdninstagram.com&amp;edm=ANo9K5cEAAAA&amp;oh=00_AfBwtXtO89G9_pcH5wr7AIZ411MkuTdt7FkhD56PbwQsTg&amp;oe=646E848E&quot;,&quot;150&quot;:&quot;https:\\\/\\\/scontent-hel3-1.cdninstagram.com\\\/v\\\/t51.29350-15\\\/344032334_1388238501941931_7366891533630632389_n.webp?stp=dst-jpg&amp;_nc_cat=111&amp;ccb=1-7&amp;_nc_sid=8ae9d6&amp;_nc_ohc=jj8m9heraj0AX-U9q_g&amp;_nc_ht=scontent-hel3-1.cdninstagram.com&amp;edm=ANo9K5cEAAAA&amp;oh=00_AfBwtXtO89G9_pcH5wr7AIZ411MkuTdt7FkhD56PbwQsTg&amp;oe=646E848E&quot;,&quot;320&quot;:&quot;https:\\\/\\\/scontent-hel3-1.cdninstagram.com\\\/v\\\/t51.29350-15\\\/344032334_1388238501941931_7366891533630632389_n.webp?stp=dst-jpg&amp;_nc_cat=111&amp;ccb=1-7&amp;_nc_sid=8ae9d6&amp;_nc_ohc=jj8m9heraj0AX-U9q_g&amp;_nc_ht=scontent-hel3-1.cdninstagram.com&amp;edm=ANo9K5cEAAAA&amp;oh=00_AfBwtXtO89G9_pcH5wr7AIZ411MkuTdt7FkhD56PbwQsTg&amp;oe=646E848E&quot;,&quot;640&quot;:&quot;https:\\\/\\\/scontent-hel3-1.cdninstagram.com\\\/v\\\/t51.29350-15\\\/344032334_1388238501941931_7366891533630632389_n.webp?stp=dst-jpg&amp;_nc_cat=111&amp;ccb=1-7&amp;_nc_sid=8ae9d6&amp;_nc_ohc=jj8m9heraj0AX-U9q_g&amp;_nc_ht=scontent-hel3-1.cdninstagram.com&amp;edm=ANo9K5cEAAAA&amp;oh=00_AfBwtXtO89G9_pcH5wr7AIZ411MkuTdt7FkhD56PbwQsTg&amp;oe=646E848E&quot;}\">\r\n            <span class=\"sbi-screenreader\">City life\n.\n.\n.\n#citylife\n#nocolor\n#bnwonly\n#bw_pe<\/span>\r\n            \t                    <img src=\"https:\/\/detoffentligarummet.se\/wp-content\/plugins\/instagram-feed\/img\/placeholder.png\" alt=\"City life\n.\n.\n.\n#citylife\n#nocolor\n#bnwonly\n#bw_perfect\n#noir_shots\n#bnw_captures\n#bnwmaster\n#badass_bnw\n#raw_bnw\n#lensculture\n#lensculture_bw\n#lensculturestreet\n#gottolove_bnw\n#incredible_bnw\n#streetianity\n#shinyhappystreet\n#explore_bnw\n#bnw_demand\n#bnw_magazine\n#bnwmagazine\n#bnw_splendid\n#bnw_greatshots\n#streetphotographymag\n#streetphotographymagazine\">\r\n        <\/a>\r\n    <\/div>\r\n<\/div><div class=\"sbi_item sbi_type_image sbi_new sbi_transition\" id=\"sbi_17968604456361005\" data-date=\"1682766195\">\r\n    <div class=\"sbi_photo_wrap\">\r\n        <a class=\"sbi_photo\" href=\"https:\/\/www.instagram.com\/p\/CrniCmqI54o\/\" target=\"_blank\" rel=\"noopener nofollow\" data-full-res=\"https:\/\/scontent-hel3-1.cdninstagram.com\/v\/t51.29350-15\/343741622_1670232023415668_4504037584351318147_n.webp?stp=dst-jpg&#038;_nc_cat=104&#038;ccb=1-7&#038;_nc_sid=8ae9d6&#038;_nc_ohc=CcTmF7qJhd0AX-RHmSo&#038;_nc_ht=scontent-hel3-1.cdninstagram.com&#038;edm=ANo9K5cEAAAA&#038;oh=00_AfA5-LOvyRCh713tA6NdYKhYPm9L7YvtC5m8pXoUvso4aA&#038;oe=646EE90F\" data-img-src-set=\"{&quot;d&quot;:&quot;https:\\\/\\\/scontent-hel3-1.cdninstagram.com\\\/v\\\/t51.29350-15\\\/343741622_1670232023415668_4504037584351318147_n.webp?stp=dst-jpg&amp;_nc_cat=104&amp;ccb=1-7&amp;_nc_sid=8ae9d6&amp;_nc_ohc=CcTmF7qJhd0AX-RHmSo&amp;_nc_ht=scontent-hel3-1.cdninstagram.com&amp;edm=ANo9K5cEAAAA&amp;oh=00_AfA5-LOvyRCh713tA6NdYKhYPm9L7YvtC5m8pXoUvso4aA&amp;oe=646EE90F&quot;,&quot;150&quot;:&quot;https:\\\/\\\/scontent-hel3-1.cdninstagram.com\\\/v\\\/t51.29350-15\\\/343741622_1670232023415668_4504037584351318147_n.webp?stp=dst-jpg&amp;_nc_cat=104&amp;ccb=1-7&amp;_nc_sid=8ae9d6&amp;_nc_ohc=CcTmF7qJhd0AX-RHmSo&amp;_nc_ht=scontent-hel3-1.cdninstagram.com&amp;edm=ANo9K5cEAAAA&amp;oh=00_AfA5-LOvyRCh713tA6NdYKhYPm9L7YvtC5m8pXoUvso4aA&amp;oe=646EE90F&quot;,&quot;320&quot;:&quot;https:\\\/\\\/scontent-hel3-1.cdninstagram.com\\\/v\\\/t51.29350-15\\\/343741622_1670232023415668_4504037584351318147_n.webp?stp=dst-jpg&amp;_nc_cat=104&amp;ccb=1-7&amp;_nc_sid=8ae9d6&amp;_nc_ohc=CcTmF7qJhd0AX-RHmSo&amp;_nc_ht=scontent-hel3-1.cdninstagram.com&amp;edm=ANo9K5cEAAAA&amp;oh=00_AfA5-LOvyRCh713tA6NdYKhYPm9L7YvtC5m8pXoUvso4aA&amp;oe=646EE90F&quot;,&quot;640&quot;:&quot;https:\\\/\\\/scontent-hel3-1.cdninstagram.com\\\/v\\\/t51.29350-15\\\/343741622_1670232023415668_4504037584351318147_n.webp?stp=dst-jpg&amp;_nc_cat=104&amp;ccb=1-7&amp;_nc_sid=8ae9d6&amp;_nc_ohc=CcTmF7qJhd0AX-RHmSo&amp;_nc_ht=scontent-hel3-1.cdninstagram.com&amp;edm=ANo9K5cEAAAA&amp;oh=00_AfA5-LOvyRCh713tA6NdYKhYPm9L7YvtC5m8pXoUvso4aA&amp;oe=646EE90F&quot;}\">\r\n            <span class=\"sbi-screenreader\">Birds on shopping spree\n.\n.\n.\n#doves\n#happylovingc<\/span>\r\n            \t                    <img src=\"https:\/\/detoffentligarummet.se\/wp-content\/plugins\/instagram-feed\/img\/placeholder.png\" alt=\"Birds on shopping spree\n.\n.\n.\n#doves\n#happylovingcouples\n#shoppingspree\n#nocolor\n#bnwonly\n#bw_perfect\n#noir_shots\n#bnw_captures\n#bnwmaster\n#badass_bnw\n#raw_bnw\n#lensculture\n#lensculture_bw\n#lensculturestreet\n#gottolove_bnw\n#incredible_bnw\n#streetianity\n#shinyhappystreet\n#explore_bnw\n#bnw_demand\n#bnw_magazine\n#bnwmagazine\n#bnw_splendid\n#bnw_greatshots\n#streetphotographymag\n#streetphotographymagazine\">\r\n        <\/a>\r\n    <\/div>\r\n<\/div><div class=\"sbi_item sbi_type_image sbi_new sbi_transition\" id=\"sbi_17886180122824537\" data-date=\"1682609094\">\r\n    <div class=\"sbi_photo_wrap\">\r\n        <a class=\"sbi_photo\" href=\"https:\/\/www.instagram.com\/p\/Cri2ZPOIITG\/\" target=\"_blank\" rel=\"noopener nofollow\" data-full-res=\"https:\/\/scontent-hel3-1.cdninstagram.com\/v\/t51.29350-15\/343276795_762372958733291_6549058257003177578_n.webp?stp=dst-jpg&#038;_nc_cat=102&#038;ccb=1-7&#038;_nc_sid=8ae9d6&#038;_nc_ohc=WBWF8OtTD5IAX9QiI5F&#038;_nc_ht=scontent-hel3-1.cdninstagram.com&#038;edm=ANo9K5cEAAAA&#038;oh=00_AfAk4P6vmI2vZjBkYove_yUeIRqihA8lvbl013zxf1rf_A&#038;oe=646ED5A9\" data-img-src-set=\"{&quot;d&quot;:&quot;https:\\\/\\\/scontent-hel3-1.cdninstagram.com\\\/v\\\/t51.29350-15\\\/343276795_762372958733291_6549058257003177578_n.webp?stp=dst-jpg&amp;_nc_cat=102&amp;ccb=1-7&amp;_nc_sid=8ae9d6&amp;_nc_ohc=WBWF8OtTD5IAX9QiI5F&amp;_nc_ht=scontent-hel3-1.cdninstagram.com&amp;edm=ANo9K5cEAAAA&amp;oh=00_AfAk4P6vmI2vZjBkYove_yUeIRqihA8lvbl013zxf1rf_A&amp;oe=646ED5A9&quot;,&quot;150&quot;:&quot;https:\\\/\\\/scontent-hel3-1.cdninstagram.com\\\/v\\\/t51.29350-15\\\/343276795_762372958733291_6549058257003177578_n.webp?stp=dst-jpg&amp;_nc_cat=102&amp;ccb=1-7&amp;_nc_sid=8ae9d6&amp;_nc_ohc=WBWF8OtTD5IAX9QiI5F&amp;_nc_ht=scontent-hel3-1.cdninstagram.com&amp;edm=ANo9K5cEAAAA&amp;oh=00_AfAk4P6vmI2vZjBkYove_yUeIRqihA8lvbl013zxf1rf_A&amp;oe=646ED5A9&quot;,&quot;320&quot;:&quot;https:\\\/\\\/scontent-hel3-1.cdninstagram.com\\\/v\\\/t51.29350-15\\\/343276795_762372958733291_6549058257003177578_n.webp?stp=dst-jpg&amp;_nc_cat=102&amp;ccb=1-7&amp;_nc_sid=8ae9d6&amp;_nc_ohc=WBWF8OtTD5IAX9QiI5F&amp;_nc_ht=scontent-hel3-1.cdninstagram.com&amp;edm=ANo9K5cEAAAA&amp;oh=00_AfAk4P6vmI2vZjBkYove_yUeIRqihA8lvbl013zxf1rf_A&amp;oe=646ED5A9&quot;,&quot;640&quot;:&quot;https:\\\/\\\/scontent-hel3-1.cdninstagram.com\\\/v\\\/t51.29350-15\\\/343276795_762372958733291_6549058257003177578_n.webp?stp=dst-jpg&amp;_nc_cat=102&amp;ccb=1-7&amp;_nc_sid=8ae9d6&amp;_nc_ohc=WBWF8OtTD5IAX9QiI5F&amp;_nc_ht=scontent-hel3-1.cdninstagram.com&amp;edm=ANo9K5cEAAAA&amp;oh=00_AfAk4P6vmI2vZjBkYove_yUeIRqihA8lvbl013zxf1rf_A&amp;oe=646ED5A9&quot;}\">\r\n            <span class=\"sbi-screenreader\">Everyday subway ride\n.\n.\n.\n#everyday\n#subwayride\n#<\/span>\r\n            \t                    <img src=\"https:\/\/detoffentligarummet.se\/wp-content\/plugins\/instagram-feed\/img\/placeholder.png\" alt=\"Everyday subway ride\n.\n.\n.\n#everyday\n#subwayride\n#nocolor\n#bnwonly\n#bw_perfect\n#noir_shots\n#bnw_captures\n#bnwmaster\n#badass_bnw\n#raw_bnw\n#lensculture\n#lensculture_bw\n#lensculturestreet\n#gottolove_bnw\n#incredible_bnw\n#streetianity\n#shinyhappystreet\n#explore_bnw\n#bnw_demand\n#bnw_magazine\n#bnwmagazine\n#bnw_splendid\n#bnw_greatshots\n#streetphotographymag\n#streetphotographymagazine\">\r\n        <\/a>\r\n    <\/div>\r\n<\/div><div class=\"sbi_item sbi_type_image sbi_new sbi_transition\" id=\"sbi_17911016732741311\" data-date=\"1682513117\">\r\n    <div class=\"sbi_photo_wrap\">\r\n        <a class=\"sbi_photo\" href=\"https:\/\/www.instagram.com\/p\/Crf_VRpo6Lk\/\" target=\"_blank\" rel=\"noopener nofollow\" data-full-res=\"https:\/\/scontent-hel3-1.cdninstagram.com\/v\/t51.29350-15\/343035297_537428971880324_3590636757816326354_n.webp?stp=dst-jpg&#038;_nc_cat=111&#038;ccb=1-7&#038;_nc_sid=8ae9d6&#038;_nc_ohc=69c7QkTD0OwAX98qKFR&#038;_nc_ht=scontent-hel3-1.cdninstagram.com&#038;edm=ANo9K5cEAAAA&#038;oh=00_AfD58IEXkOqqlYEQGaFkd0BczUd8KoVfS4xNe-GT973yPA&#038;oe=646F1E87\" data-img-src-set=\"{&quot;d&quot;:&quot;https:\\\/\\\/scontent-hel3-1.cdninstagram.com\\\/v\\\/t51.29350-15\\\/343035297_537428971880324_3590636757816326354_n.webp?stp=dst-jpg&amp;_nc_cat=111&amp;ccb=1-7&amp;_nc_sid=8ae9d6&amp;_nc_ohc=69c7QkTD0OwAX98qKFR&amp;_nc_ht=scontent-hel3-1.cdninstagram.com&amp;edm=ANo9K5cEAAAA&amp;oh=00_AfD58IEXkOqqlYEQGaFkd0BczUd8KoVfS4xNe-GT973yPA&amp;oe=646F1E87&quot;,&quot;150&quot;:&quot;https:\\\/\\\/scontent-hel3-1.cdninstagram.com\\\/v\\\/t51.29350-15\\\/343035297_537428971880324_3590636757816326354_n.webp?stp=dst-jpg&amp;_nc_cat=111&amp;ccb=1-7&amp;_nc_sid=8ae9d6&amp;_nc_ohc=69c7QkTD0OwAX98qKFR&amp;_nc_ht=scontent-hel3-1.cdninstagram.com&amp;edm=ANo9K5cEAAAA&amp;oh=00_AfD58IEXkOqqlYEQGaFkd0BczUd8KoVfS4xNe-GT973yPA&amp;oe=646F1E87&quot;,&quot;320&quot;:&quot;https:\\\/\\\/scontent-hel3-1.cdninstagram.com\\\/v\\\/t51.29350-15\\\/343035297_537428971880324_3590636757816326354_n.webp?stp=dst-jpg&amp;_nc_cat=111&amp;ccb=1-7&amp;_nc_sid=8ae9d6&amp;_nc_ohc=69c7QkTD0OwAX98qKFR&amp;_nc_ht=scontent-hel3-1.cdninstagram.com&amp;edm=ANo9K5cEAAAA&amp;oh=00_AfD58IEXkOqqlYEQGaFkd0BczUd8KoVfS4xNe-GT973yPA&amp;oe=646F1E87&quot;,&quot;640&quot;:&quot;https:\\\/\\\/scontent-hel3-1.cdninstagram.com\\\/v\\\/t51.29350-15\\\/343035297_537428971880324_3590636757816326354_n.webp?stp=dst-jpg&amp;_nc_cat=111&amp;ccb=1-7&amp;_nc_sid=8ae9d6&amp;_nc_ohc=69c7QkTD0OwAX98qKFR&amp;_nc_ht=scontent-hel3-1.cdninstagram.com&amp;edm=ANo9K5cEAAAA&amp;oh=00_AfD58IEXkOqqlYEQGaFkd0BczUd8KoVfS4xNe-GT973yPA&amp;oe=646F1E87&quot;}\">\r\n            <span class=\"sbi-screenreader\">City life\n.\n.\n.\n#citylife\n#icecreamtime\n#nocolor\n#<\/span>\r\n            \t                    <img src=\"https:\/\/detoffentligarummet.se\/wp-content\/plugins\/instagram-feed\/img\/placeholder.png\" alt=\"City life\n.\n.\n.\n#citylife\n#icecreamtime\n#nocolor\n#bnwonly\n#bw_perfect\n#noir_shots\n#bnw_captures\n#bnwmaster\n#badass_bnw\n#raw_bnw\n#lensculture\n#lensculture_bw\n#lensculturestreet\n#gottolove_bnw\n#incredible_bnw\n#streetianity\n#shinyhappystreet\n#explore_bnw\n#bnw_demand\n#bnw_magazine\n#bnwmagazine\n#bnw_splendid\n#bnw_greatshots\n#streetphotographymag\n#streetphotographymagazine\">\r\n        <\/a>\r\n    <\/div>\r\n<\/div><div class=\"sbi_item sbi_type_image sbi_new sbi_transition\" id=\"sbi_18244869010094939\" data-date=\"1682425351\">\r\n    <div class=\"sbi_photo_wrap\">\r\n        <a class=\"sbi_photo\" href=\"https:\/\/www.instagram.com\/p\/CrdX7raIJYg\/\" target=\"_blank\" rel=\"noopener nofollow\" data-full-res=\"https:\/\/scontent-hel3-1.cdninstagram.com\/v\/t51.29350-15\/343283567_104035296011311_2085091341668513198_n.webp?stp=dst-jpg&#038;_nc_cat=108&#038;ccb=1-7&#038;_nc_sid=8ae9d6&#038;_nc_ohc=3FD8AYY2VngAX-uOH62&#038;_nc_ht=scontent-hel3-1.cdninstagram.com&#038;edm=ANo9K5cEAAAA&#038;oh=00_AfBanbNRPj49-M_pr7-RLjA9YXYEoAf2usDFBPFdcHt2ZQ&#038;oe=646EB6B5\" data-img-src-set=\"{&quot;d&quot;:&quot;https:\\\/\\\/scontent-hel3-1.cdninstagram.com\\\/v\\\/t51.29350-15\\\/343283567_104035296011311_2085091341668513198_n.webp?stp=dst-jpg&amp;_nc_cat=108&amp;ccb=1-7&amp;_nc_sid=8ae9d6&amp;_nc_ohc=3FD8AYY2VngAX-uOH62&amp;_nc_ht=scontent-hel3-1.cdninstagram.com&amp;edm=ANo9K5cEAAAA&amp;oh=00_AfBanbNRPj49-M_pr7-RLjA9YXYEoAf2usDFBPFdcHt2ZQ&amp;oe=646EB6B5&quot;,&quot;150&quot;:&quot;https:\\\/\\\/scontent-hel3-1.cdninstagram.com\\\/v\\\/t51.29350-15\\\/343283567_104035296011311_2085091341668513198_n.webp?stp=dst-jpg&amp;_nc_cat=108&amp;ccb=1-7&amp;_nc_sid=8ae9d6&amp;_nc_ohc=3FD8AYY2VngAX-uOH62&amp;_nc_ht=scontent-hel3-1.cdninstagram.com&amp;edm=ANo9K5cEAAAA&amp;oh=00_AfBanbNRPj49-M_pr7-RLjA9YXYEoAf2usDFBPFdcHt2ZQ&amp;oe=646EB6B5&quot;,&quot;320&quot;:&quot;https:\\\/\\\/scontent-hel3-1.cdninstagram.com\\\/v\\\/t51.29350-15\\\/343283567_104035296011311_2085091341668513198_n.webp?stp=dst-jpg&amp;_nc_cat=108&amp;ccb=1-7&amp;_nc_sid=8ae9d6&amp;_nc_ohc=3FD8AYY2VngAX-uOH62&amp;_nc_ht=scontent-hel3-1.cdninstagram.com&amp;edm=ANo9K5cEAAAA&amp;oh=00_AfBanbNRPj49-M_pr7-RLjA9YXYEoAf2usDFBPFdcHt2ZQ&amp;oe=646EB6B5&quot;,&quot;640&quot;:&quot;https:\\\/\\\/scontent-hel3-1.cdninstagram.com\\\/v\\\/t51.29350-15\\\/343283567_104035296011311_2085091341668513198_n.webp?stp=dst-jpg&amp;_nc_cat=108&amp;ccb=1-7&amp;_nc_sid=8ae9d6&amp;_nc_ohc=3FD8AYY2VngAX-uOH62&amp;_nc_ht=scontent-hel3-1.cdninstagram.com&amp;edm=ANo9K5cEAAAA&amp;oh=00_AfBanbNRPj49-M_pr7-RLjA9YXYEoAf2usDFBPFdcHt2ZQ&amp;oe=646EB6B5&quot;}\">\r\n            <span class=\"sbi-screenreader\">The door is open\n.\n.\n.\n#opendoor\n#djurg\u00e5rden\n#noc<\/span>\r\n            \t                    <img src=\"https:\/\/detoffentligarummet.se\/wp-content\/plugins\/instagram-feed\/img\/placeholder.png\" alt=\"The door is open\n.\n.\n.\n#opendoor\n#djurg\u00e5rden\n#nocolor\n#bnwonly\n#bw_perfect\n#noir_shots\n#bnw_captures\n#bnwmaster\n#badass_bnw\n#raw_bnw\n#lensculture\n#lensculture_bw\n#lensculturestreet\n#gottolove_bnw\n#incredible_bnw\n#streetianity\n#shinyhappystreet\n#explore_bnw\n#bnw_demand\n#bnw_magazine\n#bnwmagazine\n#bnw_splendid\n#bnw_greatshots\n#streetphotographymag\n#streetphotographymagazine\">\r\n        <\/a>\r\n    <\/div>\r\n<\/div>    <\/div>\r\n\r\n\t<div id=\"sbi_load\">\r\n\r\n\t\r\n\t    <span class=\"sbi_follow_btn\">\r\n        <a href=\"https:\/\/www.instagram.com\/anderskaellen\/\"  target=\"_blank\" rel=\"noopener nofollow\"><svg class=\"svg-inline--fa fa-instagram fa-w-14\" aria-hidden=\"true\" data-fa-processed=\"\" aria-label=\"Instagram\" data-prefix=\"fab\" data-icon=\"instagram\" role=\"img\" viewBox=\"0 0 448 512\">\r\n\t                <path fill=\"currentColor\" d=\"M224.1 141c-63.6 0-114.9 51.3-114.9 114.9s51.3 114.9 114.9 114.9S339 319.5 339 255.9 287.7 141 224.1 141zm0 189.6c-41.1 0-74.7-33.5-74.7-74.7s33.5-74.7 74.7-74.7 74.7 33.5 74.7 74.7-33.6 74.7-74.7 74.7zm146.4-194.3c0 14.9-12 26.8-26.8 26.8-14.9 0-26.8-12-26.8-26.8s12-26.8 26.8-26.8 26.8 12 26.8 26.8zm76.1 27.2c-1.7-35.9-9.9-67.7-36.2-93.9-26.2-26.2-58-34.4-93.9-36.2-37-2.1-147.9-2.1-184.9 0-35.8 1.7-67.6 9.9-93.9 36.1s-34.4 58-36.2 93.9c-2.1 37-2.1 147.9 0 184.9 1.7 35.9 9.9 67.7 36.2 93.9s58 34.4 93.9 36.2c37 2.1 147.9 2.1 184.9 0 35.9-1.7 67.7-9.9 93.9-36.2 26.2-26.2 34.4-58 36.2-93.9 2.1-37 2.1-147.8 0-184.8zM398.8 388c-7.8 19.6-22.9 34.7-42.6 42.6-29.5 11.7-99.5 9-132.1 9s-102.7 2.6-132.1-9c-19.6-7.8-34.7-22.9-42.6-42.6-11.7-29.5-9-99.5-9-132.1s-2.6-102.7 9-132.1c7.8-19.6 22.9-34.7 42.6-42.6 29.5-11.7 99.5-9 132.1-9s102.7-2.6 132.1 9c19.6 7.8 34.7 22.9 42.6 42.6 11.7 29.5 9 99.5 9 132.1s2.7 102.7-9 132.1z\"><\/path>\r\n\t            <\/svg>F\u00f6lj p\u00e5 Instagram<\/a>\r\n    <\/span>\r\n\t\r\n<\/div>\r\n\t    <span class=\"sbi_resized_image_data\" data-feed-id=\"sbi_17841402886905539#5\" data-resized=\"{&quot;17979560150134342&quot;:{&quot;id&quot;:&quot;344032334_1388238501941931_7366891533630632389_n.webp&quot;,&quot;ratio&quot;:&quot;1.33&quot;,&quot;sizes&quot;:{&quot;full&quot;:640,&quot;low&quot;:320}},&quot;17968604456361005&quot;:{&quot;id&quot;:&quot;343741622_1670232023415668_4504037584351318147_n.webp&quot;,&quot;ratio&quot;:&quot;1.33&quot;,&quot;sizes&quot;:{&quot;full&quot;:640,&quot;low&quot;:320}},&quot;17886180122824537&quot;:{&quot;id&quot;:&quot;343276795_762372958733291_6549058257003177578_n.webp&quot;,&quot;ratio&quot;:&quot;1.00&quot;,&quot;sizes&quot;:{&quot;full&quot;:640,&quot;low&quot;:320}},&quot;17911016732741311&quot;:{&quot;id&quot;:&quot;343035297_537428971880324_3590636757816326354_n.webp&quot;,&quot;ratio&quot;:&quot;1.50&quot;,&quot;sizes&quot;:{&quot;full&quot;:640,&quot;low&quot;:320}},&quot;18244869010094939&quot;:{&quot;id&quot;:&quot;343283567_104035296011311_2085091341668513198_n.webp&quot;,&quot;ratio&quot;:&quot;1.33&quot;,&quot;sizes&quot;:{&quot;full&quot;:640,&quot;low&quot;:320}}}\">\r\n\t<\/span>\r\n\t        <div id=\"sbi_mod_error\">\r\n            <span>This error message is only visible to WordPress admins<\/span><br \/>\r\n                <\/div>\r\n        <\/div>\r\n\r\n","protected":false},"excerpt":{"rendered":"<p>Gatufotografi \u00e4r en form av dokument\u00e4rfotografi d\u00e4r fotografen och objektet befinner sig i verkliga situationer i offentliga rum s\u00e5som gator, parker, str\u00e4nder, gallerior eller politiska m\u00f6ten. Gatufotografi kr\u00e4ver dock inte n\u00e4rvaro av en gata, m\u00e4nniskor eller stadsmilj\u00f6n. Traditionen med gatufotografi skiljer sig fr\u00e5n till exempel press- och reportagefoto d\u00e4r man v\u00e4ljer motiv efter \u00e4mne. I [&hellip;]<\/p>\n","protected":false},"author":1,"featured_media":0,"parent":0,"menu_order":0,"comment_status":"closed","ping_status":"open","template":"","meta":[],"_links":{"self":[{"href":"https:\/\/detoffentligarummet.se\/index.php?rest_route=\/wp\/v2\/pages\/2"}],"collection":[{"href":"https:\/\/detoffentligarummet.se\/index.php?rest_route=\/wp\/v2\/pages"}],"about":[{"href":"https:\/\/detoffentligarummet.se\/index.php?rest_route=\/wp\/v2\/types\/page"}],"author":[{"embeddable":true,"href":"https:\/\/detoffentligarummet.se\/index.php?rest_route=\/wp\/v2\/users\/1"}],"replies":[{"embeddable":true,"href":"https:\/\/detoffentligarummet.se\/index.php?rest_route=%2Fwp%2Fv2%2Fcomments&post=2"}],"version-history":[{"count":3,"href":"https:\/\/detoffentligarummet.se\/index.php?rest_route=\/wp\/v2\/pages\/2\/revisions"}],"predecessor-version":[{"id":80,"href":"https:\/\/detoffentligarummet.se\/index.php?rest_route=\/wp\/v2\/pages\/2\/revisions\/80"}],"wp:attachment":[{"href":"https:\/\/detoffentligarummet.se\/index.php?rest_route=%2Fwp%2Fv2%2Fmedia&parent=2"}],"curies":[{"name":"wp","href":"https:\/\/api.w.org\/{rel}","templated":true}]}}